 = -2*h - t - 4*t + 26. Is h + (-3200)/(4/(-1)) prime?
False
Suppose -8*y + 45 = y. Suppose y*f = 3*t + 5287, 3*t - 5*t - 8 = 0. Is f a composite number?
True
Let s(i) = i**2 + i + 1. Suppose 3 = -3*y + 2*y. Let f(r) = 9*r**2 - 7*r + 2. Let b(n) = y*s(n) + f(n). Is b(7) composite?
False
Is 117/(-78) - 7981/(-2) a prime number?
True
Suppose -11*c - 2*c + 17693 = 0. Is c a composite number?
False
Suppose 4*n - 16 = 0, -3*n = t + n - 22. Let a be 68*(t - 2 - 3). Let k = a + -29. Is k prime?
False
Suppose 5*f + 15 = r, r + 3 = -f - 12. Let w(p) = -13*p + 12. Let x be w(r). Suppose -x = -5*g + 3*g. Is g a prime number?
True
Suppose 0 = -3*v + 2*v - 68. Let f = -23 - v. Suppose -a + 226 = f. Is a composite?
False
Suppose -13*c - 8*c + 198219 = 0. Is c a composite number?
False
Suppose -d = 2*c + 2, 3 = -5*d - c + 2. Suppose 4*h + 4*q - 1176 = d, 2*h = -3*h + 5*q + 1460. Is h a prime number?
True
Suppose -2*l - 5*d = -237, -5*d + 15 = -0*d. Let i = l + 0. Is i a composite number?
True
Suppose -25*k + 4 = -23*k. Let f = k + 95. Is f a composite number?
False
Suppose -3*i - 16*i = 0. Suppose 5*b - 154 - 241 = i. Is b prime?
True
Let g be 2/(-8)*-4 - 7. Is (-2768 - -5)*2/g a composite number?
True
Suppose -79 = 4*q - 2*o - 21, -3*q - 3*o - 39 = 0. Let d(i) be the second derivative of -19*i**3/6 - 3*i**2/2 - i. Is d(q) a prime number?
True
Let f = 71 - 66. Suppose -f*i = -175 - 460. Is i a prime number?
True
Let m = -82 - -50. Let b = 344 + m. Let j = b + -185. Is j composite?
False
Suppose -4*w + 5*o + 5807 + 9477 = 0, -w + 3821 = o. Is w a composite number?
False
Let m(h) = -h**3 - 4*h**2 - 8. Let j be -17*1/1 - -1. Let u = j - -9. Is m(u) prime?
True
Let u = -16580 - -52563. Is u composite?
False
Suppose 6*d - d - 2*p = 20, d + p - 4 = 0. Suppose 0 = d*y - 8597 + 81. Is y composite?
False
Let g = -25 + 248. Is g prime?
True
Let y(m) = -m**3 - 8*m**2 - 9*m + 1. Let r be y(-7). Let l = 17 - r. Suppose -38 = -l*w + 76. Is w composite?
True
Let t(z) = -5723*z + 79. Is t(-5) a prime number?
False
Let s be (-4 - -16)/(1 + 0). Let n(m) = -m + 6*m**2 - 3*m**2 - 9 - s*m. Is n(10) composite?
True
Suppose 0 = -3*g - 5*y + 1639, 3*g + 247 - 1872 = 2*y. Suppose 220 = -u + g. Is u a prime number?
False
Let i(y) = -2*y**2 + 10*y - 6. Let m be i(4). Suppose 4*t = -2*u + 3990, u - 1999 = m*t - 5*t. Is u prime?
True
Let w = -40 - -46. Let n be (-2)/(-7) - (-282)/42. Is (50 + n)*4/w prime?
False
Suppose -8*n - 237 = -9*n. Is n a composite number?
True
Let s(x) be the second derivative of 13*x**4/12 + 7*x**3/3 - 10*x**2 - x. Let n = -77 - -66. Is s(n) a composite number?
False
Let y = 1 - -2. Suppose -3*n + 5*z + 1111 = -0*z, -3*n - y*z + 1143 = 0. Is n a composite number?
True
Suppose 11555 = 13*k - 2394. Is k a prime number?
False
Is ((-40733 - -2)/(-3))/(2 + -1) composite?
False
Suppose 3*x - 1 = 2*d - 22, 2*d - 31 = 5*x. Suppose -d*i + 2*i + 127 = 0. Is i composite?
False
Let m(r) be the first derivative of -r**3/3 - 5*r**2 + 7*r + 7. Is m(-8) a prime number?
True
Suppose -252 = -5*n + 2*n. Let z = n + -7. Is z a prime number?
False
Suppose -15735 = -319*j + 314*j. Is j prime?
False
Let y = 4777 - 1968. Is y a composite number?
True
Let r = -12 - -16. Suppose -3*m + 38 = -4*k, -4*m + 61 = -r*k + 25. Let p = 18 + k. Is p a prime number?
True
Suppose -5*w = 4*x - 31 - 25, x - 2*w = 1. Suppose 0 = 5*z + 3*d - 538, -55*z + 58*z - 350 = 5*d. Suppose -x*i + z = -4*i. Is i composite?
True
Let x(s) = -2*s**2 + 15*s + 10. Let c be x(7). Let h = 242 + c. Is h prime?
False
Let q(f) = 93*f**2 + 2*f + 7. Let r(h) = -464*h**2 - 9*h - 36. Let s(v) = 11*q(v) + 2*r(v). Is s(-2) composite?
True
Suppose 0*c + 5*c - 51 = -3*j, 0 = 2*c. Let y = 51 - -21. Let q = y + j. Is q a composite number?
False
Let m(b) = 676*b + 179. Is m(23) composite?
False
Let c = -26 - -38. Let h(s) be the third derivative of s**5/15 - 7*s**4/12 - 13*s**3/6 - s**2. Is h(c) prime?
False
Let b(i) = 5*i + 5. Let w(d) = -d + 1. Let n(u) = -3*u + 4. Let m(l) = n(l) - 4*w(l). Let x(a) = -b(a) + 15*m(a). Is x(7) a prime number?
False
Suppose 2*u = 4*l - 2698, -8*u + 4*u - 2688 = -4*l. Suppose -a = 5*y - 326, -5*a + l = 4*y - 1037. Is a a composite number?
True
Is -7121*(6/(-24) + 12/(-16)) prime?
True
Let h(z) = 2*z**2 + 5*z + 3. Let j be h(-5). Suppose 87 = u - j. Is u a composite number?
True
Let d(z) = 838*z + 163. Is d(7) prime?
True
Let a(l) = -1 + 0*l**2 - 4*l**2 - 8*l + 6*l - 4*l**3. Let f be a(-3). Let c = f + -24. Is c prime?
True
Let o(a) = -14 + 20 + 5 + 3*a. Let n be o(-5). Is 970 + 3 - (-2 - n) composite?
False
Is (-2)/(-5) - (-218686)/10 composite?
True
Let w(a) = -127*a**3 + 2*a**2 - 2*a - 3. Let l be w(-3). Let p = l + -2212. Let m = p + -865. Is m a prime number?
True
Let b(x) = 2*x**3 - 11*x**2 - 10*x + 32. Is b(13) a prime number?
True
Let y(q) = q**3 + 8*q**2 - 17*q - 8. Let a(z) = 2*z**3 + 15*z**2 - 33*z - 15. Let w(n) = 3*a(n) - 7*y(n). Is w(-13) a composite number?
False
Suppose 3*l - 29821 = -5*k, 17879 = 7*k - 4*k - 5*l. Is k a composite number?
True
Suppose 0*w + 4*w - 4*o = 4, 4*w - 5*o - 8 = 0. Suppose 36*s = 28*s - 4240. Is w + s/(3 + -4) a composite number?
True
Let i = -142 - -74. Is (-5714)/(-18) + i/153 prime?
True
Suppose -3*y - 1378 = 4*n, -5*n + 4*y + 123 = 1861. Let r = 743 + n. Is r composite?
False
Suppose 6*r - 58 = -22. Suppose 15 = -q + r*q. Is q prime?
True
Let q(a) = 2*a**3 - 8*a**2 + 28*a - 33. Is q(11) composite?
True
Suppose 0 = -2*q - 6, 2*k - 3*k - 45 = 2*q. Let x = -34 - k. Suppose 0 = -2*a + x*a - 633. Is a composite?
False
Suppose -2*k + 17 - 13 = 0. Let q(m) = 286*m. Let t be q(k). Suppose -t = -p + 15. Is p a composite number?
False
Let w(m) be the second derivative of -1/3*m**3 + 3/2*m**2 + 205/6*m**4 + 0 - 12*m. Is w(2) prime?
False
Suppose -3 = -5*s + 7. Let i be s/4 + 818/4. Suppose 0 = 2*j - 49 - i. Is j a prime number?
True
Let k(v) = 4*v + 21. Let c be k(-4). Suppose -c*h + s = -1892, 2*h + 2*h = -3*s + 1525. Is h a prime number?
True
Let a be (-4)/((-8)/(-3))*146/3. Suppose 0 = -n - 3, -5*v - n - 186 = n. Let m = v - a. Is m a prime number?
True
Suppose -2*v + v = -1. Let y be 1/(-4)*-28*v. Suppose s + y = 60. Is s composite?
False
Let b(g) = 2*g**2 - 19*g + 11. Let d be b(9). Suppose d*m + 20 = 4*n - 22, -40 = -5*n + 5*m. Is n composite?
False
Suppose 0*p - 2*z = 2*p + 42, -3*p - 88 = -2*z. Let r = p + 17. Let f(c) = -c**3 - 9*c**2 - 8*c - 5. Is f(r) composite?
False
Suppose -2*n - s = -3*n + 1, 4*s + 19 = -n. Let w(j) = 12*j**2 + 4*j - 1. Let z be w(n). Suppose -3*a - z = -8*a. Is a a composite number?
False
Let v = 749 - -888. Is v composite?
False
Let p(d) = d**3 - 6*d**2 - 6*d + 2. Let i be p(7). Suppose -i = -5*t + 1. Suppose t*a + 566 = 6*a + 3*f, -a = 2*f - 139. Is a a prime number?
False
Suppose -449 = -4*r - x + 230, x + 5 = 0. Suppose -2*o - 114 = j, 7*o + r = 4*o + 4*j. Let h = o - -104. Is h prime?
True
Let q(d) = -4*d + 1. Let b be q(-1). Let v = -3 + b. Is (-10)/(v*(-1)/23) a prime number?
False
Suppose 0 = -2*l + 1357 + 11625. Is l a composite number?
False
Let o = -3 - -18. Suppose -o = -3*d, -v - 2*d + 2557 = 2*v. Is v prime?
False
Is (3569 + 1 - 1) + 0/1 prime?
False
Let v(c) = 140*c - 13. Let o be v(18). Suppose -615 = 5*k + 3*q - o, k + 3*q - 376 = 0. Is k a prime number?
True
Let f = -705 + 1288. Is f a prime number?
False
Let k = -53 + 53. Suppose 5*m - m - 1580 = k. Is m prime?
False
Let o be (-1)/(-4) - 187/(-68). Suppose -y - o = l, 3*l + 2*y + 0*y = -10. Is 2525 - -2*(2 + l) a composite number?
False
Suppose 5*o - 7*o + 8 = 0. Suppose 2*w - 648 = -o*s + 6*w, 2*s - 4*w - 334 = 0. Is s a prime number?
True
Is ((-1)/3*-2)/(4/31134) a prime number?
True
Let o(a) = 3386*a**3 - 8*a**2 + 10*a - 2. Is o(1) prime?
False
Let t(p) = 6115*p**3 - 4*p**2 + 2*p. Is t(1) composite?
False
Let i(w) = -w - 19. Let h be i(0). Let p(b) = -24*b - 7. Is p(h) prime?
True
Let t = 290 + -48. Suppose -w + t = -0*w. Suppose -2*v - 4 + w = 0. Is v a composite number?
True
Suppose 16*p - 19*p - 3*q = -9423, -4*p - 3*q = -12562. Is p composite?
True
Suppose -3*x = -74 + 1589. Let j be -2 + -279 - (0 + 1). Let g = j - x. Is g a prime number?
True
Is 356770/22 + 92/506 a composite number?
False
Suppose -4*v - 3*h = v - 138, -2*v = -4*h - 76. Is -1 + 15/3 + v